{"id":15,"date":"2021-11-21T15:14:41","date_gmt":"2021-11-21T15:14:41","guid":{"rendered":"https:\/\/tukokue.com.py\/index.php\/services\/"},"modified":"2022-03-08T13:16:00","modified_gmt":"2022-03-08T13:16:00","slug":"services","status":"publish","type":"page","link":"https:\/\/tukokue.com.py\/index.php\/services\/","title":{"rendered":"Services"},"content":{"rendered":"<h1>NUESTROS PRODUCTOS<\/h1>\n<p><img decoding=\"async\" width=\"1024\" height=\"1024\" src=\"http:\/\/tukokue.com.py\/wp-content\/uploads\/2022\/02\/174403904_4088326987886530_7204281329810222527_n-1024x1024.jpg\" alt=\"\" loading=\"lazy\" srcset=\"https:\/\/tukokue.com.py\/wp-content\/uploads\/2022\/02\/174403904_4088326987886530_7204281329810222527_n-1024x1024.jpg 1024w, https:\/\/tukokue.com.py\/wp-content\/uploads\/2022\/02\/174403904_4088326987886530_7204281329810222527_n-300x300.jpg 300w, https:\/\/tukokue.com.py\/wp-content\/uploads\/2022\/02\/174403904_4088326987886530_7204281329810222527_n-150x150.jpg 150w, https:\/\/tukokue.com.py\/wp-content\/uploads\/2022\/02\/174403904_4088326987886530_7204281329810222527_n-768x768.jpg 768w, https:\/\/tukokue.com.py\/wp-content\/uploads\/2022\/02\/174403904_4088326987886530_7204281329810222527_n.jpg 1440w\" sizes=\"(max-width: 1024px) 100vw, 1024px\"><\/p>\n<h3>Dulce de Mam\u00f3n y Mburucuy\u00e1<\/h3>\n<p><img decoding=\"async\" width=\"1024\" height=\"1024\" src=\"http:\/\/tukokue.com.py\/wp-content\/uploads\/2022\/02\/165664695_4029933460392550_8964804024143449080_n-1024x1024.jpg\" alt=\"\" loading=\"lazy\" srcset=\"https:\/\/tukokue.com.py\/wp-content\/uploads\/2022\/02\/165664695_4029933460392550_8964804024143449080_n-1024x1024.jpg 1024w, https:\/\/tukokue.com.py\/wp-content\/uploads\/2022\/02\/165664695_4029933460392550_8964804024143449080_n-300x300.jpg 300w, https:\/\/tukokue.com.py\/wp-content\/uploads\/2022\/02\/165664695_4029933460392550_8964804024143449080_n-150x150.jpg 150w, https:\/\/tukokue.com.py\/wp-content\/uploads\/2022\/02\/165664695_4029933460392550_8964804024143449080_n-768x768.jpg 768w, https:\/\/tukokue.com.py\/wp-content\/uploads\/2022\/02\/165664695_4029933460392550_8964804024143449080_n.jpg 1440w\" sizes=\"(max-width: 1024px) 100vw, 1024px\"><\/p>\n<h3>Chutney de Mango<\/h3>\n<p><img decoding=\"async\" width=\"1024\" height=\"1024\" src=\"http:\/\/tukokue.com.py\/wp-content\/uploads\/2022\/02\/169511407_4062512673801295_5612599122068554950_n-1024x1024.jpg\" alt=\"\" loading=\"lazy\" srcset=\"https:\/\/tukokue.com.py\/wp-content\/uploads\/2022\/02\/169511407_4062512673801295_5612599122068554950_n-1024x1024.jpg 1024w, https:\/\/tukokue.com.py\/wp-content\/uploads\/2022\/02\/169511407_4062512673801295_5612599122068554950_n-300x300.jpg 300w, https:\/\/tukokue.com.py\/wp-content\/uploads\/2022\/02\/169511407_4062512673801295_5612599122068554950_n-150x150.jpg 150w, https:\/\/tukokue.com.py\/wp-content\/uploads\/2022\/02\/169511407_4062512673801295_5612599122068554950_n-768x768.jpg 768w, https:\/\/tukokue.com.py\/wp-content\/uploads\/2022\/02\/169511407_4062512673801295_5612599122068554950_n.jpg 1440w\" sizes=\"(max-width: 1024px) 100vw, 1024px\"><\/p>\n<h3>Dulce de Mam\u00f3n<\/h3>\n<p><img decoding=\"async\" width=\"1024\" height=\"1024\" src=\"http:\/\/tukokue.com.py\/wp-content\/uploads\/2022\/02\/139721604_3837214506331114_2977891938976747760_n-1024x1024.jpg\" alt=\"\" loading=\"lazy\" srcset=\"https:\/\/tukokue.com.py\/wp-content\/uploads\/2022\/02\/139721604_3837214506331114_2977891938976747760_n-1024x1024.jpg 1024w, https:\/\/tukokue.com.py\/wp-content\/uploads\/2022\/02\/139721604_3837214506331114_2977891938976747760_n-300x300.jpg 300w, https:\/\/tukokue.com.py\/wp-content\/uploads\/2022\/02\/139721604_3837214506331114_2977891938976747760_n-150x150.jpg 150w, https:\/\/tukokue.com.py\/wp-content\/uploads\/2022\/02\/139721604_3837214506331114_2977891938976747760_n-768x768.jpg 768w, https:\/\/tukokue.com.py\/wp-content\/uploads\/2022\/02\/139721604_3837214506331114_2977891938976747760_n.jpg 1440w\" sizes=\"(max-width: 1024px) 100vw, 1024px\"><\/p>\n<h3>Pat\u00e9 de Morrones<\/h3>\n<p><img decoding=\"async\" width=\"1024\" height=\"1024\" src=\"http:\/\/tukokue.com.py\/wp-content\/uploads\/2022\/02\/123146209_3628044677248099_1845178431538577337_n-1024x1024.jpg\" alt=\"\" loading=\"lazy\" srcset=\"https:\/\/tukokue.com.py\/wp-content\/uploads\/2022\/02\/123146209_3628044677248099_1845178431538577337_n-1024x1024.jpg 1024w, https:\/\/tukokue.com.py\/wp-content\/uploads\/2022\/02\/123146209_3628044677248099_1845178431538577337_n-300x300.jpg 300w, https:\/\/tukokue.com.py\/wp-content\/uploads\/2022\/02\/123146209_3628044677248099_1845178431538577337_n-150x150.jpg 150w, https:\/\/tukokue.com.py\/wp-content\/uploads\/2022\/02\/123146209_3628044677248099_1845178431538577337_n-768x768.jpg 768w, https:\/\/tukokue.com.py\/wp-content\/uploads\/2022\/02\/123146209_3628044677248099_1845178431538577337_n.jpg 1440w\" sizes=\"(max-width: 1024px) 100vw, 1024px\"><\/p>\n<h3>Mermelada de Frutilla<\/h3>\n<p><img decoding=\"async\" width=\"1024\" height=\"1024\" src=\"http:\/\/tukokue.com.py\/wp-content\/uploads\/2022\/02\/148132137_3898331296886101_9037252950007141576_n-1024x1024.jpg\" alt=\"\" loading=\"lazy\" srcset=\"https:\/\/tukokue.com.py\/wp-content\/uploads\/2022\/02\/148132137_3898331296886101_9037252950007141576_n-1024x1024.jpg 1024w, https:\/\/tukokue.com.py\/wp-content\/uploads\/2022\/02\/148132137_3898331296886101_9037252950007141576_n-300x300.jpg 300w, https:\/\/tukokue.com.py\/wp-content\/uploads\/2022\/02\/148132137_3898331296886101_9037252950007141576_n-150x150.jpg 150w, https:\/\/tukokue.com.py\/wp-content\/uploads\/2022\/02\/148132137_3898331296886101_9037252950007141576_n-768x768.jpg 768w, https:\/\/tukokue.com.py\/wp-content\/uploads\/2022\/02\/148132137_3898331296886101_9037252950007141576_n.jpg 1440w\" sizes=\"(max-width: 1024px) 100vw, 1024px\"><\/p>\n<h3>Escabeche de Berenjena<\/h3>\n<p><img decoding=\"async\" width=\"1024\" height=\"1024\" src=\"http:\/\/tukokue.com.py\/wp-content\/uploads\/2022\/02\/147780474_3898331293552768_393099274330177761_n-1024x1024.jpg\" alt=\"\" loading=\"lazy\" srcset=\"https:\/\/tukokue.com.py\/wp-content\/uploads\/2022\/02\/147780474_3898331293552768_393099274330177761_n-1024x1024.jpg 1024w, https:\/\/tukokue.com.py\/wp-content\/uploads\/2022\/02\/147780474_3898331293552768_393099274330177761_n-300x300.jpg 300w, https:\/\/tukokue.com.py\/wp-content\/uploads\/2022\/02\/147780474_3898331293552768_393099274330177761_n-150x150.jpg 150w, https:\/\/tukokue.com.py\/wp-content\/uploads\/2022\/02\/147780474_3898331293552768_393099274330177761_n-768x768.jpg 768w, https:\/\/tukokue.com.py\/wp-content\/uploads\/2022\/02\/147780474_3898331293552768_393099274330177761_n.jpg 1440w\" sizes=\"(max-width: 1024px) 100vw, 1024px\"><\/p>\n<h3>Escabeche de Zucchini<\/h3>\n<p><img decoding=\"async\" width=\"1024\" height=\"1024\" src=\"http:\/\/tukokue.com.py\/wp-content\/uploads\/2022\/02\/147116105_3894133393972558_6992778491390085427_n-1024x1024.jpg\" alt=\"\" loading=\"lazy\" srcset=\"https:\/\/tukokue.com.py\/wp-content\/uploads\/2022\/02\/147116105_3894133393972558_6992778491390085427_n-1024x1024.jpg 1024w, https:\/\/tukokue.com.py\/wp-content\/uploads\/2022\/02\/147116105_3894133393972558_6992778491390085427_n-300x300.jpg 300w, https:\/\/tukokue.com.py\/wp-content\/uploads\/2022\/02\/147116105_3894133393972558_6992778491390085427_n-150x150.jpg 150w, https:\/\/tukokue.com.py\/wp-content\/uploads\/2022\/02\/147116105_3894133393972558_6992778491390085427_n-768x768.jpg 768w, https:\/\/tukokue.com.py\/wp-content\/uploads\/2022\/02\/147116105_3894133393972558_6992778491390085427_n.jpg 1440w\" sizes=\"(max-width: 1024px) 100vw, 1024px\"><\/p>\n<h3>Pat\u00e9 de Zucchini<\/h3>\n<p><img decoding=\"async\" width=\"1024\" height=\"1024\" src=\"http:\/\/tukokue.com.py\/wp-content\/uploads\/2022\/02\/126804537_3690097634376136_535285064786845936_n-1024x1024.jpg\" alt=\"\" loading=\"lazy\" srcset=\"https:\/\/tukokue.com.py\/wp-content\/uploads\/2022\/02\/126804537_3690097634376136_535285064786845936_n-1024x1024.jpg 1024w, https:\/\/tukokue.com.py\/wp-content\/uploads\/2022\/02\/126804537_3690097634376136_535285064786845936_n-300x300.jpg 300w, https:\/\/tukokue.com.py\/wp-content\/uploads\/2022\/02\/126804537_3690097634376136_535285064786845936_n-150x150.jpg 150w, https:\/\/tukokue.com.py\/wp-content\/uploads\/2022\/02\/126804537_3690097634376136_535285064786845936_n-768x768.jpg 768w, https:\/\/tukokue.com.py\/wp-content\/uploads\/2022\/02\/126804537_3690097634376136_535285064786845936_n.jpg 1440w\" sizes=\"(max-width: 1024px) 100vw, 1024px\"><\/p>\n<h3>Salsa de Tomate<\/h3>\n<p><img decoding=\"async\" width=\"1024\" height=\"1024\" src=\"http:\/\/tukokue.com.py\/wp-content\/uploads\/2022\/02\/WhatsApp-Image-2021-04-09-at-18.16.36-1-1024x1024.jpeg\" alt=\"\" loading=\"lazy\" srcset=\"https:\/\/tukokue.com.py\/wp-content\/uploads\/2022\/02\/WhatsApp-Image-2021-04-09-at-18.16.36-1-1024x1024.jpeg 1024w, https:\/\/tukokue.com.py\/wp-content\/uploads\/2022\/02\/WhatsApp-Image-2021-04-09-at-18.16.36-1-300x300.jpeg 300w, https:\/\/tukokue.com.py\/wp-content\/uploads\/2022\/02\/WhatsApp-Image-2021-04-09-at-18.16.36-1-150x150.jpeg 150w, https:\/\/tukokue.com.py\/wp-content\/uploads\/2022\/02\/WhatsApp-Image-2021-04-09-at-18.16.36-1-768x768.jpeg 768w, https:\/\/tukokue.com.py\/wp-content\/uploads\/2022\/02\/WhatsApp-Image-2021-04-09-at-18.16.36-1.jpeg 1280w\" sizes=\"(max-width: 1024px) 100vw, 1024px\"><\/p>\n<h3>Queso Cremoso<\/h3>\n<p><img decoding=\"async\" width=\"1024\" height=\"1024\" src=\"http:\/\/tukokue.com.py\/wp-content\/uploads\/2022\/02\/WhatsApp-Image-2021-04-09-at-18.16.37-1024x1024.jpeg\" alt=\"\" loading=\"lazy\" srcset=\"https:\/\/tukokue.com.py\/wp-content\/uploads\/2022\/02\/WhatsApp-Image-2021-04-09-at-18.16.37-1024x1024.jpeg 1024w, https:\/\/tukokue.com.py\/wp-content\/uploads\/2022\/02\/WhatsApp-Image-2021-04-09-at-18.16.37-300x300.jpeg 300w, https:\/\/tukokue.com.py\/wp-content\/uploads\/2022\/02\/WhatsApp-Image-2021-04-09-at-18.16.37-150x150.jpeg 150w, https:\/\/tukokue.com.py\/wp-content\/uploads\/2022\/02\/WhatsApp-Image-2021-04-09-at-18.16.37-768x768.jpeg 768w, https:\/\/tukokue.com.py\/wp-content\/uploads\/2022\/02\/WhatsApp-Image-2021-04-09-at-18.16.37.jpeg 1280w\" sizes=\"(max-width: 1024px) 100vw, 1024px\"><\/p>\n<h3>Dulce de Leche con Cocido<\/h3>\n<p><img decoding=\"async\" width=\"1024\" height=\"1024\" src=\"http:\/\/tukokue.com.py\/wp-content\/uploads\/2022\/02\/WhatsApp-Image-2021-04-09-at-18.16.33-1024x1024.jpeg\" alt=\"\" loading=\"lazy\" srcset=\"https:\/\/tukokue.com.py\/wp-content\/uploads\/2022\/02\/WhatsApp-Image-2021-04-09-at-18.16.33-1024x1024.jpeg 1024w, https:\/\/tukokue.com.py\/wp-content\/uploads\/2022\/02\/WhatsApp-Image-2021-04-09-at-18.16.33-300x300.jpeg 300w, https:\/\/tukokue.com.py\/wp-content\/uploads\/2022\/02\/WhatsApp-Image-2021-04-09-at-18.16.33-150x150.jpeg 150w, https:\/\/tukokue.com.py\/wp-content\/uploads\/2022\/02\/WhatsApp-Image-2021-04-09-at-18.16.33-768x768.jpeg 768w, https:\/\/tukokue.com.py\/wp-content\/uploads\/2022\/02\/WhatsApp-Image-2021-04-09-at-18.16.33.jpeg 1280w\" sizes=\"(max-width: 1024px) 100vw, 1024px\"><\/p>\n<h3>Dulce de Leche con Caf\u00e9<\/h3>\n<p>Somos una empresa que promueve y refuerza pol\u00edticas de reciclaje, involucrando a sus consumidores en el proceso, a trav\u00e9s de descuentos por recepci\u00f3n de envases vac\u00edos.<\/p>\n<p><img decoding=\"async\" width=\"1024\" height=\"1024\" src=\"http:\/\/tukokue.com.py\/wp-content\/uploads\/2022\/02\/green-recycling-icon-design-element-1024x1024.jpg\" alt=\"\" loading=\"lazy\" srcset=\"https:\/\/tukokue.com.py\/wp-content\/uploads\/2022\/02\/green-recycling-icon-design-element-1024x1024.jpg 1024w, https:\/\/tukokue.com.py\/wp-content\/uploads\/2022\/02\/green-recycling-icon-design-element-300x300.jpg 300w, https:\/\/tukokue.com.py\/wp-content\/uploads\/2022\/02\/green-recycling-icon-design-element-150x150.jpg 150w, https:\/\/tukokue.com.py\/wp-content\/uploads\/2022\/02\/green-recycling-icon-design-element-768x768.jpg 768w, https:\/\/tukokue.com.py\/wp-content\/uploads\/2022\/02\/green-recycling-icon-design-element-1536x1536.jpg 1536w, https:\/\/tukokue.com.py\/wp-content\/uploads\/2022\/02\/green-recycling-icon-design-element-2048x2048.jpg 2048w\" sizes=\"(max-width: 1024px) 100vw, 1024px\"><\/p>\n","protected":false},"excerpt":{"rendered":"<p>NUESTROS PRODUCTOS Dulce de Mam\u00f3n y Mburucuy\u00e1 Chutney de Mango Dulce de Mam\u00f3n Pat\u00e9 de Morrones Mermelada de Frutilla Escabeche de Berenjena Escabeche de Zucchini Pat\u00e9 de Zucchini Salsa de Tomate Queso Cremoso Dulce de Leche con Cocido Dulce de Leche con Caf\u00e9 Somos una empresa que promueve y refuerza pol\u00edticas de reciclaje, involucrando a &hellip;<\/p>\n<p class=\"read-more\"> <a class=\"\" href=\"https:\/\/tukokue.com.py\/index.php\/services\/\"> <span class=\"screen-reader-text\">Services<\/span> Leer m\u00e1s &raquo;<\/a><\/p>\n","protected":false},"author":1,"featured_media":0,"parent":0,"menu_order":0,"comment_status":"closed","ping_status":"closed","template":"","meta":{"site-sidebar-layout":"no-sidebar","site-content-layout":"page-builder","ast-main-header-display":"","ast-hfb-above-header-display":"","ast-hfb-below-header-display":"","ast-hfb-mobile-header-display":"","site-post-title":"disabled","ast-breadcrumbs-content":"","ast-featured-img":"disabled","footer-sml-layout":"","theme-transparent-header-meta":"enabled","adv-header-id-meta":"","stick-header-meta":"","header-above-stick-meta":"","header-main-stick-meta":"","header-below-stick-meta":"","footnotes":""},"_links":{"self":[{"href":"https:\/\/tukokue.com.py\/index.php\/wp-json\/wp\/v2\/pages\/15"}],"collection":[{"href":"https:\/\/tukokue.com.py\/index.php\/wp-json\/wp\/v2\/pages"}],"about":[{"href":"https:\/\/tukokue.com.py\/index.php\/wp-json\/wp\/v2\/types\/page"}],"author":[{"embeddable":true,"href":"https:\/\/tukokue.com.py\/index.php\/wp-json\/wp\/v2\/users\/1"}],"replies":[{"embeddable":true,"href":"https:\/\/tukokue.com.py\/index.php\/wp-json\/wp\/v2\/comments?post=15"}],"version-history":[{"count":40,"href":"https:\/\/tukokue.com.py\/index.php\/wp-json\/wp\/v2\/pages\/15\/revisions"}],"predecessor-version":[{"id":1559,"href":"https:\/\/tukokue.com.py\/index.php\/wp-json\/wp\/v2\/pages\/15\/revisions\/1559"}],"wp:attachment":[{"href":"https:\/\/tukokue.com.py\/index.php\/wp-json\/wp\/v2\/media?parent=15"}],"curies":[{"name":"wp","href":"https:\/\/api.w.org\/{rel}","templated":true}]}}